/6*11/((-198)/(-27)). Suppose s*f - 1014 - 1142 = 0. List the prime factors of f.
2, 7, 11
Suppose 3*u + o = 3*o + 16, u = -3*o - 13. Suppose -5*m = -h - 1830, -5*m + 1091 = -2*m - u*h. What are the prime factors of m?
367
Let w = 3 - 11. Let d be (-4)/w*(12 + -2). Suppose -370 = -d*n + g, -4*g - 245 = -3*n - 23. List the prime factors of n.
2, 37
Suppose -302*p = 3*f - 305*p - 163905, p + 218540 = 4*f. List the prime factors of f.
5, 7, 223
Suppose 58*q = -5*x + 52*q + 57887, -12 = 4*q. What are the prime factors of x?
37, 313
Let w = -56054 + 81714. List the prime factors of w.
2, 5, 1283
Let o(z) = 2*z**2 - 13*z - 385. What are the prime factors of o(38)?
7, 41
Suppose 5*i = d + 5846, 5*i - 3*d - 5858 = -5*d. Suppose -4*h + 0*z = z - i, h - 297 = 2*z. Let l = -173 + h. List the prime factors of l.
2, 3, 5
Suppose 3*q = -3*p, -3*q + p = 5*p + 4. Suppose 16 = -i + 3*l, -q*i - 128 = i + l. List the prime factors of i/5 + 2 + 8*18.
3, 47
Suppose 16*m = 20*m - 20, -5 = 3*t + 2*m. What are the prime factors of 18/1 - (40/t - -9)?
17
Let i(u) = 29*u**2 + 133*u + 1135. What are the prime factors of i(-9)?
2287
Let r(h) = 10371*h**2 + 249*h + 249. List the prime factors of r(-1).
3, 3457
Suppose -78 = -45*a + 58*a. What are the prime factors of -248*4/(-16)*6 + a?
2, 3, 61
Let t be 3*6 + (-30)/6. Let r = 193 - t. List the prime factors of r.
2, 3, 5
Let o be 0 - -3 - 4 - -55. Let s = o - 53. List the prime factors of (s - (-717)/6) + (-2)/4.
2, 3, 5
Suppose 5*y - 4*o - 102634 = 2*y, 6*y - 3*o - 205308 = 0. What are the prime factors of y?
2, 71, 241
Let c = -163536 + 236298. What are the prime factors of c?
2, 3, 67, 181
Let w = 49 + -44. Suppose 15 = -6*k + k - 2*l, 0 = w*k + 5*l + 15. What are the prime factors of (414/24)/(k/(-12))?
3, 23
Let d be (-60)/(-12) + 2*-1. Suppose 0 = -5*x + 4*i + 22, d*x - 4*i = 1 + 9. What are the prime factors of x/(-4)*(-3612)/63?
2, 43
Let m = 63 - 58. Suppose 2*z - 17 = 5*w, -3*w + 1 = m*z + 5. Suppose 5*v + z = -j, 2*v + 16 = 2*j + 3*v. List the prime factors of j.
3
Let g = -7491 + 27832. List the prime factors of g.
20341
Suppose -359930 = -8*f + 21*i - 19*i, 44980 = f + i. List the prime factors of f.
7, 6427
Let q(u) = 13 - 3*u**2 + 3*u - 15 + 5 - 12*u**3 + 2*u**2. Let p be ((-2)/1)/(-5 + 6). List the prime factors of q(p).
89
Suppose 5*v = -39 - 96. Let b be 1132/9 - 6/v. What are the prime factors of b/15*45/6?
3, 7
Let j(a) = 1778*a**2 - 37*a + 74. List the prime factors of j(2).
2, 7, 127
Suppose 5*s - 4092 = -3*i + 8*s, -5*s = 0. Suppose b - 5*x - 428 = 0, -3*b - 19*x = -14*x - i. List the prime factors of b.
2, 7
Let i = 23102 + -12030. What are the prime factors of i?
2, 173
Suppose r - 2*y - y = 0, 2*r + 3*y = 18. Let q(g) = r*g - 17 + 2 + 18*g - 6*g. List the prime factors of q(4).
3, 19
Let b(p) = -17*p**3 + 2*p**2 + 8*p - 5. Let d be ((-1)/(-2)*-1)/((-2)/(-16)). What are the prime factors of b(d)?
3, 19
Let s(o) = o**2 + 18*o - 7. Let i be (6 - 2)/((-4)/(-3)). Suppose 5*u + 125 = -3*g, i*u + 2 = 2*u + 4*g. What are the prime factors of s(u)?
3
Let v = -27 - -31. Suppose 4*c = -4*b + 1344, v*b = c + 2*c + 1337. List the prime factors of b.
5, 67
Suppose -64*w - 102*w - 1610896 = -5457614. List the prime factors of w.
23173
Let q(m) = m**3 - 28*m**2 + 23*m + 91. Let w be q(27). Suppose 2*x + 140 = -5*k, -4*k + 4*x - 7 = 133. Let h = w - k. List the prime factors of h.
13
Suppose 0 = 3*g - 5 - 7, k - g = 23145. List the prime factors of k.
7, 3307
Let c(g) = -2*g**2 + 55*g - 19. Let o be c(27). Let p = 12 + o. List the prime factors of p.
2, 5
Let r(s) = 265*s + 2446. What are the prime factors of r(45)?
7, 2053
Suppose -33*c + 12 = -87. List the prime factors of 1/((-3)/1557*(c + -6)).
173
Let w(b) be the third derivative of -5*b**4/6 - 19*b**3/3 - 19*b**2. Let l be -3*(-2 - (-3)/(36/56)). What are the prime factors of w(l)?
2, 61
Suppose m + 51 = 56. What are the prime factors of 330/12*72/m?
2, 3, 11
Let c be -973*(357/49 - 7). Let n = -218 - -57. Let u = n - c. What are the prime factors of u?
3, 13
Let z be (-2 - 0) + 4 - (2 + 0). Suppose -3*g + z*g - 2361 = 0. List the prime factors of g/(-4) - (-1)/4.
197
Let q be 2 - (1 + 8 + -3). Let z be 1 + 0 - (8 + q). Let f(t) = 12*t**2 + 8*t + 11. What are the prime factors of f(z)?
5, 19
Suppose 4*j = -b + j + 113, -b = 2*j - 109. Let t = b - 238. Let k = t + 206. What are the prime factors of k?
3, 23
Let t(k) = -1246*k - 134. Let g be t(-5). Suppose 5*r - 4*v + g = 8*r, 4060 = 2*r + 4*v. List the prime factors of r.
2, 509
Let g be 2*(-21)/7 + 2949. Suppose 0 = -18*j + 21*j - g. List the prime factors of j.
3, 109
Suppose -i + 5*b = -122 - 600, -5*b - 3570 = -5*i. Suppose 1608 = 4*m - i. What are the prime factors of m?
2, 5, 29
Let d(f) = f**3 + 23*f**2 + 19*f - 26. Let r be d(-21). Let w = r - 299. Suppose c - 47 = -3*l, -2*c + 2*l - w = -6*c. What are the prime factors of c?
2, 19
Suppose -2*o + 4958 = -208 - 2626. List the prime factors of o.
2, 487
Let o(x) = -x**3 - 5*x**2 - 4*x + 5. Let g be o(-4). Suppose -2*n - r = -g*r - 160, 5*n = 2*r + 440. What are the prime factors of n?
2, 3, 5
What are the prime factors of ((-9778)/3)/((-245)/1470)?
2, 4889
Let q = -352 + 298. List the prime factors of (-11804)/(-12) - (-36)/q.
983
Suppose 0 = 4*d + d + 220. Let g = d + 46. Let k(u) = 20*u**2 - u + 4. What are the prime factors of k(g)?
2, 41
Let g(b) be the first derivative of b**4/4 + 19*b**3/3 - 2*b**2 + 35*b + 4. List the prime factors of g(-19).
3, 37
Let a = -1049 - -1821. Suppose -3*m - s = -793 - a, 0 = -5*s + 25. What are the prime factors of m?
2, 5, 13
What are the prime factors of 150/1425 + (-186)/(-38) - (-7354 - 2)?
17, 433
Suppose 3*u - 35*m - 2241 = -39*m, u = -4*m + 763. What are the prime factors of u?
739
Let m(w) = -w**3 - 12*w**2 - 15*w - 11. Let d be m(-11). Let l = d - 28. Suppose 2*h - l*c = 79 + 108, h - 4*c = 89. List the prime factors of h.
101
Suppose 0 = -2*y + x + 17, 2*x - 17 - 3 = -5*y. Suppose -2*c = -y*c + 4, 4*g = c - 253. Let f = g - -83. List the prime factors of f.
2, 5
Let w(g) = 19*g**3 + 1 + g**2 - 20*g**3 + 5. Let m be w(0). Suppose -6*u - m*u + 576 = 0. List the prime factors of u.
2, 3
Let q(t) = 2*t**2 - 17*t - 4. Let x be q(9). Suppose 5*z - 7*z + 2*v + 270 = 0, -4*z + x*v + 543 = 0. What are the prime factors of z?
2, 3, 11
Let m(n) = -2*n**2 - 11*n + 1. Suppose -8 = 4*k - 3*o, -2*k - 4*o - 31 = k. Let v be m(k). What are the prime factors of 6/4 + -1*(-51)/v?
2, 5
Let a be 1/(-4)*(-2 - (15 - -3)). Suppose 4*h = -4*d + 2280, 0 = d - a*h - 683 + 83. List the prime factors of d.
5, 23
Let c(g) be the third derivative of -215*g**4/12 + 7*g**3/6 + 22*g**2. List the prime factors of c(-1).
19, 23
Let h = 21 - -1. Let r = h - 17. Suppose -r*n = n - 42. What are the prime factors of n?
7
Let j(p) = -78 - 553*p + 328*p + 327*p. What are the prime factors of j(6)?
2, 3, 89
Let f be 324/15 + (-28)/(-70). Suppose -978 = -f*l + 804. List the prime factors of l.
3
Let p(b) = 3*b - 1. Let v be p(-1). Let a be (-10 - (-7 - -3))*v/6. Suppose 262 = 3*r + 5*j, 334 = a*r - 3*j + 2*j. What are the prime factors of r?
2, 3, 7
Suppose -7*m + 32*m - 500 = 0. List the prime factors of 2628/m + ((-27)/5 - -5).
131
Suppose j - 4 = 0, -11*r - 4*j = 12148 - 52556. List the prime factors of r.
2, 3, 17
Suppose -5*x - 5*l = -9*l + 49, -5*x = l + 44. Let n be (-2)/x - 679/(-63). Let k = 16 - n. What are the prime factors of k?
5
What are the prime factors of -9 + (16 - 11) - -1495?
3, 7, 71
Let s(v) = 10*v**2 + 15*v - 397. List the prime factors of s(-23).
2, 3, 379
Suppose 3*v - 162 = -132. Let f = 192 - v. What are the prime factors of f?
2, 7, 13
Let v(l) be the first derivative of -l**4/2 - 3*l**3 - 13*l**2/2 - 33*l - 43. List the prime factors of v(-8).
3, 173
Let v(p) = p - 8. Let z be v(7). Let i be (-16)/((-160)/105)*4/(-7). What are the prime factors of z*(-159 - (i - -4))?
157
Let m(l) = 219*l**2 + 4*l - 4. Let z be m(-3). Suppose 4*p = 5*q + 1931 - 330, 3*q = -5*p + z. What are the prime factors of p?
2, 197
Suppose -5*h - 6*q + 35 = -q, 3*q = 0. Suppose -h*s + 1860 = -2816. What are the prime factors of s?
2, 167
Suppose 1874850 = 44*b + 130*b. What are the prime factors of b?
5, 431
Let r = -177 + 226. Suppose 51*q -